Dec 02 12:25:11.438 INFO testing unique-0.1.0 against master#8940af3cea4a9a9deabcaf843b2f8cad9a83fc61 for beta-1.31-5
Dec 02 12:25:11.438 INFO running `"docker" "create" "-v" "/mnt/big/crater/work/local/target-dirs/beta-1.31-5/worker-2/master#8940af3cea4a9a9deabcaf843b2f8cad9a83fc61:/target:rw,Z" "-v" "/mnt/big/crater/work/local/test-source/worker-2/beta-1.31-5/master#8940af3cea4a9a9deabcaf843b2f8cad9a83fc61:/source:ro,Z" "-v" "/mnt/big/crater/work/local/cargo-home:/cargo-home:ro,Z" "-v" "/mnt/big/crater/work/local/rustup-home:/rustup-home:ro,Z" "-e" "USER_ID=1000" "-e" "SOURCE_DIR=/source" "-e" "USER_ID=1000" "-e" "CMD=cargo +8940af3cea4a9a9deabcaf843b2f8cad9a83fc61-alt build --frozen" "-e" "CARGO_TARGET_DIR=/target" "-e" "CARGO_INCREMENTAL=0" "-e" "RUST_BACKTRACE=full" "-e" "RUSTFLAGS=--cap-lints=warn" "-e" "CARGO_HOME=/cargo-home" "-e" "RUSTUP_HOME=/rustup-home" "-m" "1536M" "--network" "none" "crater"`
Dec 02 12:25:11.589 INFO [stdout] a6fe8acf94c9e8fdb85263605fdbe1fd22aabc5e7642f53d4d00db3e983c290e
Dec 02 12:25:11.591 INFO running `"docker" "start" "-a" "a6fe8acf94c9e8fdb85263605fdbe1fd22aabc5e7642f53d4d00db3e983c290e"`
Dec 02 12:25:12.192 INFO [stderr] usermod: no changes
Dec 02 12:25:12.254 INFO [stderr]    Compiling thread-id v3.3.0
Dec 02 12:25:12.255 INFO [stderr]    Compiling parking_lot_core v0.2.14
Dec 02 12:25:13.795 INFO [stderr]    Compiling parking_lot v0.3.8
Dec 02 12:25:15.028 INFO [stderr]    Compiling chashmap v2.2.0
Dec 02 12:25:15.996 INFO [stderr]    Compiling unique v0.1.0 (/source)
Dec 02 12:25:16.788 INFO [stderr]     Finished dev [unoptimized + debuginfo] target(s) in 4.58s
Dec 02 12:25:16.791 INFO [stderr] su: No module specific data is present
Dec 02 12:25:17.044 INFO running `"docker" "inspect" "a6fe8acf94c9e8fdb85263605fdbe1fd22aabc5e7642f53d4d00db3e983c290e"`
Dec 02 12:25:17.166 INFO running `"docker" "rm" "-f" "a6fe8acf94c9e8fdb85263605fdbe1fd22aabc5e7642f53d4d00db3e983c290e"`
Dec 02 12:25:17.254 INFO [stdout] a6fe8acf94c9e8fdb85263605fdbe1fd22aabc5e7642f53d4d00db3e983c290e
Dec 02 12:25:17.263 INFO running `"docker" "create" "-v" "/mnt/big/crater/work/local/target-dirs/beta-1.31-5/worker-2/master#8940af3cea4a9a9deabcaf843b2f8cad9a83fc61:/target:rw,Z" "-v" "/mnt/big/crater/work/local/test-source/worker-2/beta-1.31-5/master#8940af3cea4a9a9deabcaf843b2f8cad9a83fc61:/source:ro,Z" "-v" "/mnt/big/crater/work/local/cargo-home:/cargo-home:ro,Z" "-v" "/mnt/big/crater/work/local/rustup-home:/rustup-home:ro,Z" "-e" "USER_ID=1000" "-e" "SOURCE_DIR=/source" "-e" "USER_ID=1000" "-e" "CMD=cargo +8940af3cea4a9a9deabcaf843b2f8cad9a83fc61-alt test --frozen --no-run" "-e" "CARGO_TARGET_DIR=/target" "-e" "CARGO_INCREMENTAL=0" "-e" "RUST_BACKTRACE=full" "-e" "RUSTFLAGS=--cap-lints=warn" "-e" "CARGO_HOME=/cargo-home" "-e" "RUSTUP_HOME=/rustup-home" "-m" "1536M" "--network" "none" "crater"`
Dec 02 12:25:17.588 INFO [stdout] 78aed5e1edcaf2328121620b403b6c7c5cb4f4907f951a66c22da1a316ffecf8
Dec 02 12:25:17.593 INFO running `"docker" "start" "-a" "78aed5e1edcaf2328121620b403b6c7c5cb4f4907f951a66c22da1a316ffecf8"`
Dec 02 12:25:17.959 INFO [stderr] usermod: no changes
Dec 02 12:25:18.004 INFO [stderr]    Compiling unique v0.1.0 (/source)
Dec 02 12:25:19.905 INFO [stderr]     Finished dev [unoptimized + debuginfo] target(s) in 1.92s
Dec 02 12:25:19.905 INFO [stderr] su: No module specific data is present
Dec 02 12:25:20.404 INFO running `"docker" "inspect" "78aed5e1edcaf2328121620b403b6c7c5cb4f4907f951a66c22da1a316ffecf8"`
Dec 02 12:25:20.468 INFO running `"docker" "rm" "-f" "78aed5e1edcaf2328121620b403b6c7c5cb4f4907f951a66c22da1a316ffecf8"`
Dec 02 12:25:20.569 INFO [stdout] 78aed5e1edcaf2328121620b403b6c7c5cb4f4907f951a66c22da1a316ffecf8
Dec 02 12:25:20.572 INFO running `"docker" "create" "-v" "/mnt/big/crater/work/local/target-dirs/beta-1.31-5/worker-2/master#8940af3cea4a9a9deabcaf843b2f8cad9a83fc61:/target:rw,Z" "-v" "/mnt/big/crater/work/local/test-source/worker-2/beta-1.31-5/master#8940af3cea4a9a9deabcaf843b2f8cad9a83fc61:/source:ro,Z" "-v" "/mnt/big/crater/work/local/cargo-home:/cargo-home:ro,Z" "-v" "/mnt/big/crater/work/local/rustup-home:/rustup-home:ro,Z" "-e" "USER_ID=1000" "-e" "SOURCE_DIR=/source" "-e" "USER_ID=1000" "-e" "CMD=cargo +8940af3cea4a9a9deabcaf843b2f8cad9a83fc61-alt test --frozen" "-e" "CARGO_TARGET_DIR=/target" "-e" "CARGO_INCREMENTAL=0" "-e" "RUST_BACKTRACE=full" "-e" "RUSTFLAGS=--cap-lints=warn" "-e" "CARGO_HOME=/cargo-home" "-e" "RUSTUP_HOME=/rustup-home" "-m" "1536M" "--network" "none" "crater"`
Dec 02 12:25:20.759 INFO [stdout] 56214e644562869634b5e974423642a6e53be42813ab009f7aebe402a42505fa
Dec 02 12:25:20.761 INFO running `"docker" "start" "-a" "56214e644562869634b5e974423642a6e53be42813ab009f7aebe402a42505fa"`
Dec 02 12:25:21.411 INFO [stderr] usermod: no changes
Dec 02 12:25:21.452 INFO [stderr]     Finished dev [unoptimized + debuginfo] target(s) in 0.02s
Dec 02 12:25:21.454 INFO [stderr]      Running /target/debug/deps/unique-e102757e5827e9e6
Dec 02 12:25:21.455 INFO [stdout] 
Dec 02 12:25:21.455 INFO [stdout] running 1 test
Dec 02 12:25:21.459 INFO [stdout] test tests::example ... ok
Dec 02 12:25:21.459 INFO [stdout] 
Dec 02 12:25:21.459 INFO [stdout] test result: ok. 1 passed; 0 failed; 0 ignored; 0 measured; 0 filtered out
Dec 02 12:25:21.459 INFO [stdout] 
Dec 02 12:25:21.460 INFO [stderr]    Doc-tests unique
Dec 02 12:25:23.107 INFO [stdout] 
Dec 02 12:25:23.107 INFO [stdout] running 1 test
Dec 02 12:25:25.240 INFO [stdout] test src/lib.rs -  (line 10) ... FAILED
Dec 02 12:25:25.240 INFO [stdout] 
Dec 02 12:25:25.240 INFO [stdout] failures:
Dec 02 12:25:25.240 INFO [stdout] 
Dec 02 12:25:25.240 INFO [stdout] ---- src/lib.rs -  (line 10) stdout ----
Dec 02 12:25:25.240 INFO [stdout] error: cannot find macro `lazy_static!` in this scope
Dec 02 12:25:25.240 INFO [stdout]   --> src/lib.rs:19:1
Dec 02 12:25:25.240 INFO [stdout]    |
Dec 02 12:25:25.240 INFO [stdout] 12 | lazy_static! {
Dec 02 12:25:25.240 INFO [stdout]    | ^^^^^^^^^^^
Dec 02 12:25:25.240 INFO [stdout] 
Dec 02 12:25:25.240 INFO [stdout] error[E0425]: cannot find value `EXPR_BACKING` in this scope
Dec 02 12:25:25.240 INFO [stdout]   --> src/lib.rs:25:9
Dec 02 12:25:25.240 INFO [stdout]    |
Dec 02 12:25:25.240 INFO [stdout] 18 |         EXPR_BACKING.unique(self)
Dec 02 12:25:25.240 INFO [stdout]    |         ^^^^^^^^^^^^ not found in this scope
Dec 02 12:25:25.240 INFO [stdout] 
Dec 02 12:25:25.240 INFO [stdout] error[E0425]: cannot find function `Const` in this scope
Dec 02 12:25:25.240 INFO [stdout]   --> src/lib.rs:30:27
Dec 02 12:25:25.240 INFO [stdout]    |
Dec 02 12:25:25.240 INFO [stdout] 23 |     let two_x = Uniq::new(Const(2));
Dec 02 12:25:25.240 INFO [stdout]    |                           ^^^^^ not found in this scope
Dec 02 12:25:25.240 INFO [stdout] 
Dec 02 12:25:25.240 INFO [stdout] error[E0425]: cannot find function `Const` in this scope
Dec 02 12:25:25.240 INFO [stdout]   --> src/lib.rs:31:27
Dec 02 12:25:25.240 INFO [stdout]    |
Dec 02 12:25:25.240 INFO [stdout] 24 |     let two_y = Uniq::new(Const(2));
Dec 02 12:25:25.240 INFO [stdout]    |                           ^^^^^ not found in this scope
Dec 02 12:25:25.240 INFO [stdout] 
Dec 02 12:25:25.240 INFO [stdout] thread 'src/lib.rs -  (line 10)' panicked at 'couldn't compile the test', librustdoc/test.rs:332:13
Dec 02 12:25:25.240 INFO [stdout] stack backtrace:
Dec 02 12:25:25.240 INFO [stdout]    0:     0x7f7253d0b90f - std::sys::unix::backtrace::tracing::imp::unwind_backtrace::h3a8b83e1922cbdde
Dec 02 12:25:25.240 INFO [stdout]                                at libstd/sys/unix/backtrace/tracing/gcc_s.rs:49
Dec 02 12:25:25.240 INFO [stdout]    1:     0x7f7253cf0897 - std::sys_common::backtrace::print::h00d3155a29b4020f
Dec 02 12:25:25.240 INFO [stdout]                                at libstd/sys_common/backtrace.rs:71
Dec 02 12:25:25.240 INFO [stdout]                                at libstd/sys_common/backtrace.rs:59
Dec 02 12:25:25.240 INFO [stdout]    2:     0x7f7253d16cef - std::panicking::default_hook::{{closure}}::hd7465c742e79e1bb
Dec 02 12:25:25.240 INFO [stdout]                                at libstd/panicking.rs:211
Dec 02 12:25:25.240 INFO [stdout]    3:     0x7f7253d169ee - std::panicking::default_hook::h9e3966f2aa2a6e12
Dec 02 12:25:25.240 INFO [stdout]                                at libstd/panicking.rs:221
Dec 02 12:25:25.240 INFO [stdout]    4:     0x7f7255ea1951 - rustc::util::common::panic_hook::h27965632b67fe74e
Dec 02 12:25:25.240 INFO [stdout]    5:     0x7f7253d174e6 - std::panicking::rust_panic_with_hook::h587f091ae747d080
Dec 02 12:25:25.240 INFO [stdout]                                at libstd/panicking.rs:480
Dec 02 12:25:25.240 INFO [stdout]    6:     0x561c75c29b17 - std::panicking::begin_panic::hcef7ac517f7efe0f
Dec 02 12:25:25.240 INFO [stdout]                                at libstd/panicking.rs:410
Dec 02 12:25:25.240 INFO [stdout]    7:     0x561c75dbdcc7 - <rustdoc::test::Collector as rustdoc::test::Tester>::add_test::{{closure}}::{{closure}}::{{closure}}::h1a7d462b7674a13e
Dec 02 12:25:25.240 INFO [stdout]                                at librustdoc/test.rs:332
Dec 02 12:25:25.241 INFO [stdout]                                at librustdoc/test.rs:596
Dec 02 12:25:25.241 INFO [stdout]    8:     0x561c75d731f8 - <scoped_tls::ScopedKey<T>>::set::h9a299037e2efdd79
Dec 02 12:25:25.241 INFO [stdout]                                at /cargo/registry/src/github.com-1ecc6299db9ec823/scoped-tls-0.1.2/src/lib.rs:155
Dec 02 12:25:25.241 INFO [stdout]                                at libsyntax/lib.rs:106
Dec 02 12:25:25.241 INFO [stdout]                                at /cargo/registry/src/github.com-1ecc6299db9ec823/scoped-tls-0.1.2/src/lib.rs:155
Dec 02 12:25:25.241 INFO [stdout]    9:     0x561c75b77601 - syntax::with_globals::hc9a23e436a64729f
Dec 02 12:25:25.241 INFO [stdout]                                at libsyntax/lib.rs:105
Dec 02 12:25:25.241 INFO [stdout]   10:     0x561c75c29dbb - std::panicking::try::do_call::hd95e3a92339aa7c0
Dec 02 12:25:25.241 INFO [stdout]                                at librustdoc/test.rs:593
Dec 02 12:25:25.241 INFO [stdout]                                at libstd/panic.rs:313
Dec 02 12:25:25.241 INFO [stdout]                                at libstd/panicking.rs:310
Dec 02 12:25:25.241 INFO [stdout]   11:     0x7f7253d24cd9 - __rust_maybe_catch_panic
Dec 02 12:25:25.241 INFO [stdout]                                at libpanic_unwind/lib.rs:102
Dec 02 12:25:25.241 INFO [stdout]   12:     0x561c75c4cf49 - rustc_driver::in_named_rustc_thread::h5d5326e5f9843b1f
Dec 02 12:25:25.241 INFO [stdout]                                at libstd/panicking.rs:289
Dec 02 12:25:25.241 INFO [stdout]                                at libstd/panic.rs:392
Dec 02 12:25:25.241 INFO [stdout]                                at librustc_driver/lib.rs:1546
Dec 02 12:25:25.241 INFO [stdout]   13:     0x561c75d8beb0 - <F as alloc::boxed::FnBox<A>>::call_box::h85b70bbf522f8d35
Dec 02 12:25:25.241 INFO [stdout]                                at librustdoc/test.rs:593
Dec 02 12:25:25.241 INFO [stdout]                                at liballoc/boxed.rs:672
Dec 02 12:25:25.241 INFO [stdout]   14:     0x7f7255386022 - <F as alloc::boxed::FnBox<A>>::call_box::h37f4bb882553d58c
Dec 02 12:25:25.241 INFO [stdout]                                at libtest/lib.rs:1461
Dec 02 12:25:25.241 INFO [stdout]                                at liballoc/boxed.rs:672
Dec 02 12:25:25.241 INFO [stdout]   15:     0x7f7253d24cd9 - __rust_maybe_catch_panic
Dec 02 12:25:25.241 INFO [stdout]                                at libpanic_unwind/lib.rs:102
Dec 02 12:25:25.241 INFO [stdout]   16:     0x7f72553ae462 - std::sys_common::backtrace::__rust_begin_short_backtrace::hb8f0d0309526c184
Dec 02 12:25:25.241 INFO [stdout]                                at libstd/panicking.rs:289
Dec 02 12:25:25.241 INFO [stdout]                                at libstd/panic.rs:392
Dec 02 12:25:25.241 INFO [stdout]                                at libtest/lib.rs:1423
Dec 02 12:25:25.241 INFO [stdout]                                at libstd/sys_common/backtrace.rs:136
Dec 02 12:25:25.241 INFO [stdout]   17:     0x7f72553af204 - std::panicking::try::do_call::hc2f7c8b9a348d8db
Dec 02 12:25:25.241 INFO [stdout]                                at libstd/thread/mod.rs:409
Dec 02 12:25:25.241 INFO [stdout]                                at libstd/panic.rs:313
Dec 02 12:25:25.241 INFO [stdout]                                at libstd/panicking.rs:310
Dec 02 12:25:25.241 INFO [stdout]   18:     0x7f7253d24cd9 - __rust_maybe_catch_panic
Dec 02 12:25:25.241 INFO [stdout]                                at libpanic_unwind/lib.rs:102
Dec 02 12:25:25.241 INFO [stdout]   19:     0x7f725539794c - <F as alloc::boxed::FnBox<A>>::call_box::h6bfded618e480b32
Dec 02 12:25:25.241 INFO [stdout]                                at libstd/panicking.rs:289
Dec 02 12:25:25.241 INFO [stdout]                                at libstd/panic.rs:392
Dec 02 12:25:25.241 INFO [stdout]                                at libstd/thread/mod.rs:408
Dec 02 12:25:25.241 INFO [stdout]                                at liballoc/boxed.rs:672
Dec 02 12:25:25.241 INFO [stdout]   20:     0x7f7253d11c9d - std::sys_common::thread::start_thread::h4c28257d67cdf9cb
Dec 02 12:25:25.241 INFO [stdout]                                at liballoc/boxed.rs:682
Dec 02 12:25:25.241 INFO [stdout]                                at libstd/sys_common/thread.rs:24
Dec 02 12:25:25.241 INFO [stdout]   21:     0x7f7253ce74d5 - std::sys::unix::thread::Thread::new::thread_start::hfecb2e7eff8fd34f
Dec 02 12:25:25.241 INFO [stdout]                                at libstd/sys/unix/thread.rs:90
Dec 02 12:25:25.241 INFO [stdout]   22:     0x7f72538736b9 - start_thread
Dec 02 12:25:25.241 INFO [stdout]   23:     0x7f725339341c - clone
Dec 02 12:25:25.241 INFO [stdout]   24:                0x0 - <unknown>
Dec 02 12:25:25.241 INFO [stdout] query stack during panic:
Dec 02 12:25:25.241 INFO [stdout] end of query stack
Dec 02 12:25:25.241 INFO [stdout] 
Dec 02 12:25:25.241 INFO [stdout] 
Dec 02 12:25:25.241 INFO [stdout] failures:
Dec 02 12:25:25.241 INFO [stdout]     src/lib.rs -  (line 10)
Dec 02 12:25:25.241 INFO [stdout] 
Dec 02 12:25:25.241 INFO [stdout] test result: FAILED. 0 passed; 1 failed; 0 ignored; 0 measured; 0 filtered out
Dec 02 12:25:25.241 INFO [stdout] 
Dec 02 12:25:25.248 INFO [stderr] error: test failed, to rerun pass '--doc'
Dec 02 12:25:25.250 INFO [stderr] su: No module specific data is present
Dec 02 12:25:25.549 INFO running `"docker" "inspect" "56214e644562869634b5e974423642a6e53be42813ab009f7aebe402a42505fa"`
Dec 02 12:25:25.647 INFO running `"docker" "rm" "-f" "56214e644562869634b5e974423642a6e53be42813ab009f7aebe402a42505fa"`
Dec 02 12:25:25.731 INFO [stdout] 56214e644562869634b5e974423642a6e53be42813ab009f7aebe402a42505fa
